{"id":2111,"date":"2018-11-02T10:01:02","date_gmt":"2018-11-02T09:01:02","guid":{"rendered":"https:\/\/www.pittini.at\/shop\/?post_type=product&#038;p=2111"},"modified":"2022-07-05T11:50:03","modified_gmt":"2022-07-05T09:50:03","slug":"neupol-edelstahlplege-500-ml","status":"publish","type":"product","link":"https:\/\/www.pittini.at\/shop\/produkt\/neupol-edelstahlplege-500-ml\/","title":{"rendered":"NEUPOL EDELSTAHLPLEGE"},"content":{"rendered":"<p>NEUPOL EDELSTAHLPFLEGE\u00a0 reinigt und pflegt Chrom, Metalloberfl\u00e4chen aus Edelstahl und Aluminium, wobei es einen gleichm\u00e4\u00dfigen, seidigen Glanz hinterl\u00e4sst. Es bremst eine Wiederverschmutzung der Oberfl\u00e4chen. Besonders geignet f\u00fcr Chromstahlk\u00fcchen, Aluminiumrahmen, Aufzugst\u00fcren, Armaturen, Einfassungen und W\u00e4nde.<\/p>\n<p><strong>Anwendung<\/strong>: Sparsam auftragen und mit weichem Tuch verteilen. F\u00fcr nicht sachgem\u00e4\u00dfe Anwendung wird keine Haftung \u00fcbernommen.<\/p>\n","protected":false},"excerpt":{"rendered":"<p>NEUPOL EDELSTAHLPLEGE<\/p>\n<p>500 ML<\/p>\n","protected":false},"featured_media":2119,"comment_status":"closed","ping_status":"closed","template":"","meta":[],"product_brand":[],"product_cat":[55,342,343,393],"product_tag":[174,114],"class_list":{"0":"post-2111","1":"product","2":"type-product","3":"status-publish","4":"has-post-thumbnail","6":"product_cat-feng-shui-moebel","7":"product_cat-mobelpflege","8":"product_cat-neupol","9":"product_cat-regema","10":"product_tag-pflegend","11":"product_tag-reinigend","13":"first","14":"instock","15":"featured","16":"taxable","17":"shipping-taxable","18":"purchasable","19":"product-type-simple"},"_links":{"self":[{"href":"https:\/\/www.pittini.at\/shop\/wp-json\/wp\/v2\/product\/2111","targetHints":{"allow":["GET"]}}],"collection":[{"href":"https:\/\/www.pittini.at\/shop\/wp-json\/wp\/v2\/product"}],"about":[{"href":"https:\/\/www.pittini.at\/shop\/wp-json\/wp\/v2\/types\/product"}],"replies":[{"embeddable":true,"href":"https:\/\/www.pittini.at\/shop\/wp-json\/wp\/v2\/comments?post=2111"}],"wp:featuredmedia":[{"embeddable":true,"href":"https:\/\/www.pittini.at\/shop\/wp-json\/wp\/v2\/media\/2119"}],"wp:attachment":[{"href":"https:\/\/www.pittini.at\/shop\/wp-json\/wp\/v2\/media?parent=2111"}],"wp:term":[{"taxonomy":"product_brand","embeddable":true,"href":"https:\/\/www.pittini.at\/shop\/wp-json\/wp\/v2\/product_brand?post=2111"},{"taxonomy":"product_cat","embeddable":true,"href":"https:\/\/www.pittini.at\/shop\/wp-json\/wp\/v2\/product_cat?post=2111"},{"taxonomy":"product_tag","embeddable":true,"href":"https:\/\/www.pittini.at\/shop\/wp-json\/wp\/v2\/product_tag?post=2111"}],"curies":[{"name":"wp","href":"https:\/\/api.w.org\/{rel}","templated":true}]}}