{"id":2112,"date":"2018-11-02T10:16:15","date_gmt":"2018-11-02T09:16:15","guid":{"rendered":"https:\/\/www.pittini.at\/shop\/?post_type=product&#038;p=2112"},"modified":"2024-04-03T14:55:45","modified_gmt":"2024-04-03T12:55:45","slug":"neupol-polsterimpraegnierer","status":"publish","type":"product","link":"https:\/\/www.pittini.at\/shop\/produkt\/neupol-polsterimpraegnierer\/","title":{"rendered":"NEUPOL Polsterimpr\u00e4gnierer"},"content":{"rendered":"<p>NEUPOL Polsterimpr\u00e4gnierer\u00a0 impr\u00e4gniert s\u00e4mtliche Polsterm\u00f6bel und Teppiche aus Wolle und Synthetik und verbessert die Schmutzabweisung entscheidend. Flecken sind auf den behandelten Polsterm\u00f6beln und Teppichen leichter zu entfernen.<\/p>\n<p><strong>Anwendung<\/strong>: Polsterm\u00f6bel und Teppiche gr\u00fcndlich entstauben. Stark verschmutzte Stellen vor der Behandlung mit Neupol Polsterreiniger shampoonieren. In trockenem oder noch leicht feuchtem Zustand impr\u00e4gnieren. Das Produkt sollte m\u00f6glichst gleichm\u00e4\u00dfig aufgespr\u00fcht werden (ca. 100 ml\/m\u00b2) und bei guter Bel\u00fcftung abtrocknen lassen.<\/p>\n<p><strong>Achtung<\/strong>:Vor Anwendung Teppiche an unauff\u00e4lliger Stelle auf Farbechtheit pr\u00fcfen. F\u00fcr nicht sachgem\u00e4\u00dfe Anwendung wird keine Haftung \u00fcbernommen.<\/p>\n","protected":false},"excerpt":{"rendered":"<p>NEUPOL Polsterimpr\u00e4gnierer<\/p>\n<p>500 ml<\/p>\n","protected":false},"featured_media":2123,"comment_status":"closed","ping_status":"closed","template":"","meta":[],"product_brand":[],"product_cat":[342,343],"product_tag":[377,378],"class_list":{"0":"post-2112","1":"product","2":"type-product","3":"status-publish","4":"has-post-thumbnail","6":"product_cat-mobelpflege","7":"product_cat-neupol","8":"product_tag-moebelpflege","9":"product_tag-neupol","11":"first","12":"instock","13":"featured","14":"taxable","15":"shipping-taxable","16":"purchasable","17":"product-type-simple"},"_links":{"self":[{"href":"https:\/\/www.pittini.at\/shop\/wp-json\/wp\/v2\/product\/2112","targetHints":{"allow":["GET"]}}],"collection":[{"href":"https:\/\/www.pittini.at\/shop\/wp-json\/wp\/v2\/product"}],"about":[{"href":"https:\/\/www.pittini.at\/shop\/wp-json\/wp\/v2\/types\/product"}],"replies":[{"embeddable":true,"href":"https:\/\/www.pittini.at\/shop\/wp-json\/wp\/v2\/comments?post=2112"}],"wp:featuredmedia":[{"embeddable":true,"href":"https:\/\/www.pittini.at\/shop\/wp-json\/wp\/v2\/media\/2123"}],"wp:attachment":[{"href":"https:\/\/www.pittini.at\/shop\/wp-json\/wp\/v2\/media?parent=2112"}],"wp:term":[{"taxonomy":"product_brand","embeddable":true,"href":"https:\/\/www.pittini.at\/shop\/wp-json\/wp\/v2\/product_brand?post=2112"},{"taxonomy":"product_cat","embeddable":true,"href":"https:\/\/www.pittini.at\/shop\/wp-json\/wp\/v2\/product_cat?post=2112"},{"taxonomy":"product_tag","embeddable":true,"href":"https:\/\/www.pittini.at\/shop\/wp-json\/wp\/v2\/product_tag?post=2112"}],"curies":[{"name":"wp","href":"https:\/\/api.w.org\/{rel}","templated":true}]}}