{"id":2561,"date":"2024-04-25T11:58:46","date_gmt":"2024-04-25T09:58:46","guid":{"rendered":"https:\/\/www.pittini.at\/shop\/?post_type=product&#038;p=2561"},"modified":"2024-04-25T11:58:46","modified_gmt":"2024-04-25T09:58:46","slug":"kuehl-dich-ab-50-ml","status":"publish","type":"product","link":"https:\/\/www.pittini.at\/shop\/produkt\/kuehl-dich-ab-50-ml\/","title":{"rendered":"K\u00fchl Dich Ab 50 ml"},"content":{"rendered":"<p>Zeigen Sie m\u00fcden Muskeln die rote Karte! Dieses erfrischende K\u00f6rpergel ist ideal nach dem Sport und beugt effektiv Muskelverspannungen vor. Dank der k\u00fchlenden Wirkung 100% reiner \u00e4therischer \u00d6le von Pfefferminze und Wacholder hat das \u00d6l regenerierende Wirkung. Die beruhigende Kraft der Pfefferminze entspannt beanspruchte Muskelpartien. \u00c4therisches Wacholder\u00f6l regt den Lymphfluss an. Trage das Gel zweimal t\u00e4glich mit kreisenden Bewegungen auf die betroffenen Stellen auf.<\/p>\n","protected":false},"excerpt":{"rendered":"<p>50 ml<\/p>\n","protected":false},"featured_media":2562,"comment_status":"closed","ping_status":"closed","template":"","meta":[],"product_brand":[],"product_cat":[29],"product_tag":[296,94,394,242],"class_list":{"0":"post-2561","1":"product","2":"type-product","3":"status-publish","4":"has-post-thumbnail","6":"product_cat-cremen","7":"product_tag-kuhlend","8":"product_tag-lymphfluss","9":"product_tag-muskelentspannend","10":"product_tag-regenerierung","12":"first","13":"instock","14":"taxable","15":"shipping-taxable","16":"purchasable","17":"product-type-simple"},"_links":{"self":[{"href":"https:\/\/www.pittini.at\/shop\/wp-json\/wp\/v2\/product\/2561","targetHints":{"allow":["GET"]}}],"collection":[{"href":"https:\/\/www.pittini.at\/shop\/wp-json\/wp\/v2\/product"}],"about":[{"href":"https:\/\/www.pittini.at\/shop\/wp-json\/wp\/v2\/types\/product"}],"replies":[{"embeddable":true,"href":"https:\/\/www.pittini.at\/shop\/wp-json\/wp\/v2\/comments?post=2561"}],"wp:featuredmedia":[{"embeddable":true,"href":"https:\/\/www.pittini.at\/shop\/wp-json\/wp\/v2\/media\/2562"}],"wp:attachment":[{"href":"https:\/\/www.pittini.at\/shop\/wp-json\/wp\/v2\/media?parent=2561"}],"wp:term":[{"taxonomy":"product_brand","embeddable":true,"href":"https:\/\/www.pittini.at\/shop\/wp-json\/wp\/v2\/product_brand?post=2561"},{"taxonomy":"product_cat","embeddable":true,"href":"https:\/\/www.pittini.at\/shop\/wp-json\/wp\/v2\/product_cat?post=2561"},{"taxonomy":"product_tag","embeddable":true,"href":"https:\/\/www.pittini.at\/shop\/wp-json\/wp\/v2\/product_tag?post=2561"}],"curies":[{"name":"wp","href":"https:\/\/api.w.org\/{rel}","templated":true}]}}