{"id":276,"date":"2013-05-31T15:25:51","date_gmt":"2013-05-31T14:25:51","guid":{"rendered":"http:\/\/www.pittini.at\/shop\/?post_type=product&#038;p=276"},"modified":"2017-04-19T11:49:01","modified_gmt":"2017-04-19T09:49:01","slug":"zimtrinde-50-bio","status":"publish","type":"product","link":"https:\/\/www.pittini.at\/shop\/produkt\/zimtrinde-50-bio\/","title":{"rendered":"Zimtrinde 50%"},"content":{"rendered":"<p>Duft: warm, w\u00fcrzig, s\u00fc\u00df, stark<br \/>\ndurchblutungsf\u00f6rdernd, antimikrobiell, f\u00fcr Herz-Kreislauf, kein Schwangerschafts\u00f6l, Achtung: Dosierung &#8211; hautreizend<br \/>\nTCM: st\u00e4rkend, stimulierend, warm<\/p>\n","protected":false},"excerpt":{"rendered":"<p>Zimtrinde 50 %<\/p>\n<p>5 ml<\/p>\n","protected":false},"featured_media":277,"comment_status":"closed","ping_status":"closed","template":"","meta":[],"product_brand":[],"product_cat":[37,80],"product_tag":[116],"class_list":{"0":"post-276","1":"product","2":"type-product","3":"status-publish","4":"has-post-thumbnail","6":"product_cat-aromatherapie","7":"product_cat-atherische-ole","8":"product_tag-durchblutungsfordernd","10":"first","11":"instock","12":"taxable","13":"shipping-taxable","14":"purchasable","15":"product-type-simple"},"_links":{"self":[{"href":"https:\/\/www.pittini.at\/shop\/wp-json\/wp\/v2\/product\/276","targetHints":{"allow":["GET"]}}],"collection":[{"href":"https:\/\/www.pittini.at\/shop\/wp-json\/wp\/v2\/product"}],"about":[{"href":"https:\/\/www.pittini.at\/shop\/wp-json\/wp\/v2\/types\/product"}],"replies":[{"embeddable":true,"href":"https:\/\/www.pittini.at\/shop\/wp-json\/wp\/v2\/comments?post=276"}],"wp:featuredmedia":[{"embeddable":true,"href":"https:\/\/www.pittini.at\/shop\/wp-json\/wp\/v2\/media\/277"}],"wp:attachment":[{"href":"https:\/\/www.pittini.at\/shop\/wp-json\/wp\/v2\/media?parent=276"}],"wp:term":[{"taxonomy":"product_brand","embeddable":true,"href":"https:\/\/www.pittini.at\/shop\/wp-json\/wp\/v2\/product_brand?post=276"},{"taxonomy":"product_cat","embeddable":true,"href":"https:\/\/www.pittini.at\/shop\/wp-json\/wp\/v2\/product_cat?post=276"},{"taxonomy":"product_tag","embeddable":true,"href":"https:\/\/www.pittini.at\/shop\/wp-json\/wp\/v2\/product_tag?post=276"}],"curies":[{"name":"wp","href":"https:\/\/api.w.org\/{rel}","templated":true}]}}