{"id":314,"date":"2013-06-01T09:04:54","date_gmt":"2013-06-01T08:04:54","guid":{"rendered":"http:\/\/www.pittini.at\/shop\/?post_type=product&#038;p=314"},"modified":"2020-04-09T11:28:59","modified_gmt":"2020-04-09T09:28:59","slug":"edelstein-essenzen-stressfrei-100ml","status":"publish","type":"product","link":"https:\/\/www.pittini.at\/shop\/produkt\/edelstein-essenzen-stressfrei-100ml\/","title":{"rendered":"Edelstein Spray: STRESS FREI"},"content":{"rendered":"<p>&nbsp;<\/p>\n<p>Ein nat\u00fcrlicher Edelstein Raumspray der Dank der Kraft von Edelsteinen und nat\u00fcrlichen \u00c4therischen \u00d6len hilft den Stress sofort hinter sich zu lassen.<\/p>\n<p>\u00c4therische \u00d6le: Weihrauch, Sandelholz, Mandarine, ua.<\/p>\n","protected":false},"excerpt":{"rendered":"<p>Stessfrei Spray<\/p>\n<p>100 ml<\/p>\n","protected":false},"featured_media":328,"comment_status":"closed","ping_status":"closed","template":"","meta":[],"product_brand":[],"product_cat":[37,27],"product_tag":[128],"class_list":{"0":"post-314","1":"product","2":"type-product","3":"status-publish","4":"has-post-thumbnail","6":"product_cat-aromatherapie","7":"product_cat-raumsprays","8":"product_tag-stress","10":"first","11":"instock","12":"taxable","13":"shipping-taxable","14":"purchasable","15":"product-type-simple"},"_links":{"self":[{"href":"https:\/\/www.pittini.at\/shop\/wp-json\/wp\/v2\/product\/314","targetHints":{"allow":["GET"]}}],"collection":[{"href":"https:\/\/www.pittini.at\/shop\/wp-json\/wp\/v2\/product"}],"about":[{"href":"https:\/\/www.pittini.at\/shop\/wp-json\/wp\/v2\/types\/product"}],"replies":[{"embeddable":true,"href":"https:\/\/www.pittini.at\/shop\/wp-json\/wp\/v2\/comments?post=314"}],"wp:featuredmedia":[{"embeddable":true,"href":"https:\/\/www.pittini.at\/shop\/wp-json\/wp\/v2\/media\/328"}],"wp:attachment":[{"href":"https:\/\/www.pittini.at\/shop\/wp-json\/wp\/v2\/media?parent=314"}],"wp:term":[{"taxonomy":"product_brand","embeddable":true,"href":"https:\/\/www.pittini.at\/shop\/wp-json\/wp\/v2\/product_brand?post=314"},{"taxonomy":"product_cat","embeddable":true,"href":"https:\/\/www.pittini.at\/shop\/wp-json\/wp\/v2\/product_cat?post=314"},{"taxonomy":"product_tag","embeddable":true,"href":"https:\/\/www.pittini.at\/shop\/wp-json\/wp\/v2\/product_tag?post=314"}],"curies":[{"name":"wp","href":"https:\/\/api.w.org\/{rel}","templated":true}]}}