{"id":957,"date":"2013-07-16T10:08:54","date_gmt":"2013-07-16T09:08:54","guid":{"rendered":"http:\/\/www.pittini.at\/shop\/?post_type=product&#038;p=957"},"modified":"2015-09-11T11:03:59","modified_gmt":"2015-09-11T09:03:59","slug":"anhanger-reichtum-gold","status":"publish","type":"product","link":"https:\/\/www.pittini.at\/shop\/produkt\/anhanger-reichtum-gold\/","title":{"rendered":"Anh\u00e4nger Reichtum- Gold"},"content":{"rendered":"<p>Gr\u00f6\u00dfe: ca. 1 cm<\/p>\n<p>Anh\u00e4nger in Gold, f\u00f6rdert unseren Inneren Reichtum und Wohlstand.<\/p>\n","protected":false},"excerpt":{"rendered":"<p>Anh\u00e4nger Reichtum &#8211; Gold<\/p>\n<p>noch 3 St\u00fcck lagernd<\/p>\n","protected":false},"featured_media":958,"comment_status":"closed","ping_status":"closed","template":"","meta":[],"product_brand":[],"product_cat":[178],"product_tag":[249],"class_list":{"0":"post-957","1":"product","2":"type-product","3":"status-publish","4":"has-post-thumbnail","6":"product_cat-feng-shui-artikel","7":"product_tag-innerer-wert","9":"first","10":"instock","11":"taxable","12":"shipping-taxable","13":"purchasable","14":"product-type-simple"},"_links":{"self":[{"href":"https:\/\/www.pittini.at\/shop\/wp-json\/wp\/v2\/product\/957","targetHints":{"allow":["GET"]}}],"collection":[{"href":"https:\/\/www.pittini.at\/shop\/wp-json\/wp\/v2\/product"}],"about":[{"href":"https:\/\/www.pittini.at\/shop\/wp-json\/wp\/v2\/types\/product"}],"replies":[{"embeddable":true,"href":"https:\/\/www.pittini.at\/shop\/wp-json\/wp\/v2\/comments?post=957"}],"wp:featuredmedia":[{"embeddable":true,"href":"https:\/\/www.pittini.at\/shop\/wp-json\/wp\/v2\/media\/958"}],"wp:attachment":[{"href":"https:\/\/www.pittini.at\/shop\/wp-json\/wp\/v2\/media?parent=957"}],"wp:term":[{"taxonomy":"product_brand","embeddable":true,"href":"https:\/\/www.pittini.at\/shop\/wp-json\/wp\/v2\/product_brand?post=957"},{"taxonomy":"product_cat","embeddable":true,"href":"https:\/\/www.pittini.at\/shop\/wp-json\/wp\/v2\/product_cat?post=957"},{"taxonomy":"product_tag","embeddable":true,"href":"https:\/\/www.pittini.at\/shop\/wp-json\/wp\/v2\/product_tag?post=957"}],"curies":[{"name":"wp","href":"https:\/\/api.w.org\/{rel}","templated":true}]}}